 5bf75?
-5bf19
In base 12, what is 1001120 - -5?
1001125
In base 11, what is 159 + 4351?
44aa
In base 10, what is -7 - -4216381?
4216374
In base 5, what is -3014303231 + -1030?
-3014304311
In base 14, what is 21ad3 - 414?
216bd
In base 15, what is -3548ce + -63?
-354942
In base 12, what is -4093478 - 1?
-4093479
In base 6, what is -450550 - 35?
-451025
In base 6, what is -3441245 + 233?
-3441012
In base 7, what is -115210 + -133150?
-251360
In base 7, what is -1 - 224252040?
-224252041
In base 3, what is 1020111200212020101 - 10?
1020111200212020021
In base 12, what is -b589a - 612?
-b62b0
In base 2, what is 111101010111000000 + -110101111?
111101010000010001
In base 10, what is -3148180 + 1?
-3148179
In base 5, what is -124111223 - 1332?
-124113110
In base 12, what is -157b17 - -5?
-157b12
In base 9, what is 24 + -1511068?
-1511044
In base 15, what is -11e9 - 2d?
-1227
In base 15, what is 1338 + -83?
12a5
In base 14, what is -43 + -4dab83?
-4dabc6
In base 6, what is 2 - -20054420334?
20054420340
In base 7, what is 30641321522 - 3?
30641321516
In base 16, what is -161ad + 72?
-1613b
In base 6, what is 123004 + -142?
122422
In base 16, what is -1 - -3531822?
3531821
In base 4, what is 31 + -2020330332?
-2020330301
In base 11, what is -365a37 - 67?
-365aa3
In base 8, what is -45 + 24150414?
24150347
In base 16, what is 261c7c + be?
261d3a
In base 4, what is -122122233 + -32?
-122122331
In base 16, what is 2 + 1be128?
1be12a
In base 8, what is 27462 + 1621?
31303
In base 12, what is -847117 - 7?
-847122
In base 11, what is 298499 + -136?
298363
In base 7, what is -3204615 - 6?
-3204624
In base 12, what is -13973 + -158?
-13b0b
In base 4, what is 200 + -230023231221?
-230023231021
In base 11, what is 17714 - -10a7?
18810
In base 5, what is -432304311113 - -11?
-432304311102
In base 7, what is -3002 + -23225?
-26230
In base 15, what is -195d13a + 1?
-195d139
In base 12, what is 3b838a - -b?
3b8399
In base 5, what is 0 + 2323410020?
2323410020
In base 7, what is -313 + 150502?
150156
In base 6, what is 221 + 205411515?
205412140
In base 16, what is -1b57e - 314?
-1b892
In base 10, what is 4403 + -1863?
2540
In base 11, what is 29284639 + -6?
29284633
In base 6, what is 2 - -142303114?
142303120
In base 8, what is -3 - -143032227?
143032224
In base 12, what is 22a8a36 + 5?
22a8a3b
In base 2, what is -10010010 + -100111100110000011?
-100111101000010101
In base 5, what is -114433223 + -112?
-114433340
In base 14, what is 10 + -31c70a?
-31c6da
In base 14, what is -5 - 518642?
-518647
In base 6, what is -4555421205 - 0?
-4555421205
In base 7, what is -104645006 + 4?
-104645002
In base 7, what is -2251 + 10114352?
10112101
In base 13, what is 29 + 57ba8?
57c04
In base 10, what is -228364 + -5?
-228369
In base 7, what is 6342 - 6612?
-240
In base 9, what is -1 + 3582316?
3582315
In base 2, what is -1 - -100001000111100100100000?
100001000111100100011111
In base 3, what is -100020121000 + 11001202?
-100002112021
In base 2, what is -1110010 - 100100011011111011?
-100100011101101101
In base 9, what is -273832 + 476?
-273345
In base 12, what is -9 - 437b356?
-437b363
In base 2, what is 10100101 - -11100001001010110110?
11100001001101011011
In base 13, what is 26 - b3001c?
-b2ccc6
In base 13, what is 3 + 292489?
29248c
In base 12, what is 10 + 165314?
165324
In base 2, what is 11 - 10001111001101000110010100?
-10001111001101000110010001
In base 6, what is -140145120 + -1?
-140145121
In base 10, what is -20669 + 55?
-20614
In base 7, what is -36056050 - 0?
-36056050
In base 14, what is -36 - 1ca6a?
-1caa2
In base 12, what is -13 + 2118818?
2118805
In base 6, what is 401215341 + -1?
401215340
In base 11, what is -8785 + -1313?
-9a98
In base 3, what is 12 + 100012121012120121?
100012121012120210
In base 15, what is a + -96d1?
-96c6
In base 8, what is 13406 - -4424?
20032
In base 4, what is 11 + -1111011211020?
-1111011211003
In base 7, what is -130 + -1161361?
-1161521
In base 6, what is 35433 - -1133?
41010
In base 3, what is 1210010211022102 + 10?
1210010211022112
In base 5, what is -11110244 + 31411?
-11023333
In base 12, what is -1 + -2b073b5a?
-2b073b5b
In base 10, what is -5 + -19319122?
-19319127
In base 6, what is 14141422151 - 4?
14141422143
In base 8, what is -22324433 - -12?
-22324421
In base 16, what is -1ee - 23bf9?
-23de7
In base 12, what is -71217a - 99?
-712257
In base 14, what is a3dd + -7477?
2d66
In base 4, what is 1321100233 + -122?
1321100111
In base 6, what is 31053524 - 0?
31053524
In base 4, what is -20323221 - -2222030?
-12101131
In base 10, what is 14223715 + -11?
14223704
In base 5, what is 110301 - 12042?
43204
In base 8, what is 30 + 6505217?
6505247
In base 9, what is 1172454 + 600?
1173154
In base 15, what is 8e + -182bd?
-1822e
In base 16, what is 100516c9 + -3?
100516c6
In base 7, what is -3 + 21265622?
21265616
In base 4, what is 1133331311332 - 2?
1133331311330
In base 12, what is -11b7121 + ab?
-11b7032
In base 6, what is 2103 - -4325?
10432
In base 2, what is 101 - 11000101010100111010?
-11000101010100110101
In base 3, what is 100122102121011011 - 2?
100122102121011002
In base 15, what is 210806 - -e?
210815
In base 6, what is 454 + -10024?
-5130
In base 2, what is 1000000101111 + -11111001011?
100001100100
In base 16, what is b - -d81b3?
d81be
In base 6, what is -33101311 - -100?
-33101211
In base 12, what is -3317 + 27a4?
-733
In base 3, what is 1202212202001 - -1?
1202212202002
In base 11, what is 5a7a - -698?
6667
In base 11, what is 11440a3 + -3?
11440a0
In base 9, what is 2254 + 31470?
33734
In base 15, what is 33 - -5ecd6?
5ed19
In base 15, what is 925 - -16a?
a90
In base 3, what is -2202 - 1012020022?
-1012100001
In base 11, what is 1255 + 4484?
5729
In base 15, what is -a1e61a9 + -4?
-a1e61ad
In base 13, what is acbb + 357a?
11568
In base 11, what is -52625 - -534?
-520a1
In base 9, what is -14380 + -264?
-14654
In base 11, what is 1209 + -1021a7?
-100a99
In base 10, what is 70827 + 5?
70832
In base 13, what is 13 - -6255aa?
6255c0
In base 15, what is -8 + -178eda0?
-178eda8
In base 4, what is 2200 - 211331201?
-211323001
In base 2, what is -10110110101110 + 1000101010?
-10101110000100
In base 14, what is -76c874 - 7d?
-76c913
In base 10, what is 2 + 1437918?
1437920
In base 2, what is -100011001 + 10010011111110110?
10010011011011101
In base 7, what is 316 - 113400333?
-113400014
In base 9, what is 14130 - 330273?
-315143
In base 9, what is -1583882604 - 3?
-1583882607
In base 11, what is 17413 + 376?
17789
In base 10, what is 172644943 + 5?
172644948
In base 11, what is -49 - 20173?
-20211
In base 15, what is 2 + -12b7a?
-12b78
In base 14, what is 107939 - 280?
107699
In base 10, what is 22 - 3205261?
-3205239
In base 4, what is 21223112302 - -11?
21223112313
In base 6, what is -502551 + -22425?
-525420
In base 15, what is 1974d196 + -4?
1974d192
In base 8, what is 11 - -265433023?
265433034
In base 15, what is c43537 + -4?
c43533
In base 3, what is -12021200 + 1012?
-12020111
In base 12, what is -22730 + 555?
-22197
In base 15, what is -1da40 - 4?
-1da44
In base 7, what is -35545325422 - 2?
-35545325424
In base 12, what is 51398b + 2?
513991
In base 11, what is -48 + 12153?
12106
In base 15, what is 70 - 1a4e9?
-1a479
In base 9, what is 1185666575 + -5?
1185666570
In base 3, what is -10201200101 - -10221110?
-10120201221
In base 12, what is 5 - 11a22a4?
-11a229b
In base 13, what is -4a736b + 0?
-4a736b
In base 13, what is 0 + 4bb05b?
4bb05b
In base 9, what is 46335 + 12605?
60041
In base 15, what is -6 + 1482399?
1482393
In base 5, what is -1014341 + -1030043?
-2044434
In base 2, what is -10100 - -1000011000011110101000?
1000011000011110010100
In base 5, what is 32 + -300424044?
-300424012
In base 14, what is 0 + 178a6585?
178a6585
In base 9, what is -25 - -12138?
12113
In base 7, what is 53114 - -1042?
54156
In base 15, what is 28a5b71 - -3?
28a5b74
In base 8, what is -124146676 + -2?
-124146700
In base 8, what is 1113720 + 30?
1113750
In base 16, what is -59060 - 19?
-59079
In base 4, what is 110123331332 - 1010?
110123330322
In base 14, what is -2809c + 19b?
-27d01
In base 5, what is 3233 - 12441130?
-12432342
In base 7, what is 2646 + 1054?
4033
In base 8, what is 574653 + 2326?
577201
In base 9, what is -1